{"id":965,"date":"2024-04-28T14:07:52","date_gmt":"2024-04-28T12:07:52","guid":{"rendered":"https:\/\/janecosmetique.fr\/?page_id=965"},"modified":"2024-04-28T14:23:17","modified_gmt":"2024-04-28T12:23:17","slug":"conditions-generales-de-vente","status":"publish","type":"page","link":"https:\/\/janecosmetique.fr\/?page_id=965","title":{"rendered":"Conditions G\u00e9n\u00e9rales de Vente"},"content":{"rendered":"\n<h2 class=\"wp-block-heading\">1. Coordonn\u00e9es de l&rsquo;entreprise<\/h2>\n\n\n\n<ul class=\"wp-block-list\">\n<li><strong>Nom de l&rsquo;entreprise<\/strong> : JANE<\/li>\n\n\n\n<li><strong>Adresse du si\u00e8ge social<\/strong> : 612 route d\u2019henin lietard dourges<\/li>\n\n\n\n<li><strong>Num\u00e9ro de t\u00e9l\u00e9phone et adresse email de contact<\/strong> : 0750068633, <a>sephorapitoula@gmail.com<\/a><\/li>\n<\/ul>\n\n\n\n<h2 class=\"wp-block-heading\">2. Description des produits et services<\/h2>\n\n\n\n<ul class=\"wp-block-list\">\n<li><strong>Types de produits vendus<\/strong> : Produits capillaires naturels, principalement le beurre d\u2019hydratation intense.<\/li>\n\n\n\n<li><strong>M\u00e9thodes de fabrication et sources des ingr\u00e9dients<\/strong> : Production artisanale utilisant des ingr\u00e9dients 100% naturels.<\/li>\n<\/ul>\n\n\n\n<h2 class=\"wp-block-heading\">3. Prix et modalit\u00e9s de paiement<\/h2>\n\n\n\n<ul class=\"wp-block-list\">\n<li><strong>Structure des prix<\/strong> : Le prix de base du beurre d\u2019hydratation intense est compris entre 13 et 16 euros. Des promotions peuvent \u00eatre appliqu\u00e9es lors de campagnes promotionnelles.<\/li>\n\n\n\n<li><strong>Modalit\u00e9s de paiement accept\u00e9es<\/strong> : Cartes de cr\u00e9dit et PayPal uniquement.<\/li>\n\n\n\n<li><strong>Existence de frais suppl\u00e9mentaires<\/strong> : Des frais d&rsquo;exp\u00e9dition peuvent s&rsquo;appliquer selon l&rsquo;adresse de livraison du client. Les frais varient en fonction de la localisation.<\/li>\n<\/ul>\n\n\n\n<h2 class=\"wp-block-heading\">4. Processus de commande<\/h2>\n\n\n\n<ul class=\"wp-block-list\">\n<li><strong>Comment passer une commande sur le site<\/strong> : Ajoutez le produit au panier, renseignez les informations de livraison et de paiement, puis confirmez la commande.<\/li>\n\n\n\n<li><strong>Confirmation de commande et communication avec les clients<\/strong> : Un email de confirmation est envoy\u00e9 automatiquement apr\u00e8s validation du paiement.<\/li>\n<\/ul>\n\n\n\n<h2 class=\"wp-block-heading\">5. Exp\u00e9dition et livraison<\/h2>\n\n\n\n<ul class=\"wp-block-list\">\n<li><strong>Modes d&rsquo;exp\u00e9dition disponibles<\/strong> : Click &amp; collect et livraison payante dans le monde entier.<\/li>\n\n\n\n<li><strong>D\u00e9lais estim\u00e9s de livraison<\/strong> : Entre 5 et 30 jours ouvrables, selon la destination.<\/li>\n\n\n\n<li><strong>Frais de livraison<\/strong> : Variables, en fonction de l&rsquo;adresse de livraison.<\/li>\n\n\n\n<li><strong>Zones de livraison<\/strong> : Livraison internationale.<\/li>\n<\/ul>\n\n\n\n<h2 class=\"wp-block-heading\">6. Politique de retour, de remboursement et d&rsquo;\u00e9change<\/h2>\n\n\n\n<ul class=\"wp-block-list\">\n<li><strong>Conditions de retour des produits<\/strong> : Aucune possibilit\u00e9 de retour, sauf pour les pots vides qui pourront \u00eatre r\u00e9utilis\u00e9s.<\/li>\n\n\n\n<li><strong>Politique de remboursement<\/strong> : Aucun remboursement possible.<\/li>\n\n\n\n<li><strong>Conditions d&rsquo;\u00e9change<\/strong> : Pas d&rsquo;\u00e9change possible.<\/li>\n<\/ul>\n\n\n\n<h2 class=\"wp-block-heading\">7. Garanties et responsabilit\u00e9s<\/h2>\n\n\n\n<ul class=\"wp-block-list\">\n<li><strong>Garanties associ\u00e9es aux produits<\/strong> : Veuillez v\u00e9rifier la composition des produits pour vous assurer que vous n&rsquo;\u00eates pas allergique \u00e0 l&rsquo;un des ingr\u00e9dients naturels utilis\u00e9s.<\/li>\n\n\n\n<li><strong>Limites de responsabilit\u00e9 de l&rsquo;entreprise<\/strong> : JANE n&rsquo;est pas responsable des probl\u00e8mes survenant lors de la livraison ou de l&rsquo;utilisation des produits.<\/li>\n<\/ul>\n\n\n\n<h2 class=\"wp-block-heading\">8. Protection des donn\u00e9es et confidentialit\u00e9<\/h2>\n\n\n\n<ul class=\"wp-block-list\">\n<li><strong>Comment les donn\u00e9es des clients sont collect\u00e9es, stock\u00e9es et utilis\u00e9es<\/strong> : Les donn\u00e9es ne sont pas stock\u00e9es. Les informations recueillies lors de la cr\u00e9ation de compte ou du passage de commande servent uniquement \u00e0 l&rsquo;exp\u00e9dition des commandes et au suivi de livraison.<\/li>\n<\/ul>\n\n\n\n<h2 class=\"wp-block-heading\">9. Litiges et juridiction<\/h2>\n\n\n\n<ul class=\"wp-block-list\">\n<li><strong>Proc\u00e9dure en cas de litige<\/strong> : Les litiges doivent \u00eatre r\u00e9solus par m\u00e9diation.<\/li>\n\n\n\n<li><strong>Juridiction comp\u00e9tente en cas de litige<\/strong> : Les tribunaux des Hauts-de-France sont comp\u00e9tents.<\/li>\n<\/ul>\n\n\n\n<p><\/p>\n","protected":false},"excerpt":{"rendered":"<p>1. Coordonn\u00e9es de l&rsquo;entreprise 2. Description des produits et services 3. Prix et modalit\u00e9s de paiement 4. Processus de commande 5. Exp\u00e9dition et livraison 6. Politique de retour, de remboursement [&hellip;]<\/p>\n","protected":false},"author":1,"featured_media":0,"parent":0,"menu_order":0,"comment_status":"closed","ping_status":"closed","template":"","meta":{"_uag_custom_page_level_css":"","footnotes":""},"class_list":["post-965","page","type-page","status-publish","hentry"],"uagb_featured_image_src":{"full":false,"thumbnail":false,"medium":false,"medium_large":false,"large":false,"1536x1536":false,"2048x2048":false,"botiga-extra-large":false,"botiga-large":false,"botiga-big":false,"botiga-medium":false,"woocommerce_thumbnail":false,"woocommerce_single":false,"woocommerce_gallery_thumbnail":false},"uagb_author_info":{"display_name":"janecosmetique.fr","author_link":"https:\/\/janecosmetique.fr\/?author=1"},"uagb_comment_info":0,"uagb_excerpt":"1. Coordonn\u00e9es de l&rsquo;entreprise 2. Description des produits et services 3. Prix et modalit\u00e9s de paiement 4. Processus de commande 5. Exp\u00e9dition et livraison 6. Politique de retour, de remboursement [&hellip;]","jetpack_sharing_enabled":true,"_links":{"self":[{"href":"https:\/\/janecosmetique.fr\/index.php?rest_route=\/wp\/v2\/pages\/965","targetHints":{"allow":["GET"]}}],"collection":[{"href":"https:\/\/janecosmetique.fr\/index.php?rest_route=\/wp\/v2\/pages"}],"about":[{"href":"https:\/\/janecosmetique.fr\/index.php?rest_route=\/wp\/v2\/types\/page"}],"author":[{"embeddable":true,"href":"https:\/\/janecosmetique.fr\/index.php?rest_route=\/wp\/v2\/users\/1"}],"replies":[{"embeddable":true,"href":"https:\/\/janecosmetique.fr\/index.php?rest_route=%2Fwp%2Fv2%2Fcomments&post=965"}],"version-history":[{"count":1,"href":"https:\/\/janecosmetique.fr\/index.php?rest_route=\/wp\/v2\/pages\/965\/revisions"}],"predecessor-version":[{"id":966,"href":"https:\/\/janecosmetique.fr\/index.php?rest_route=\/wp\/v2\/pages\/965\/revisions\/966"}],"wp:attachment":[{"href":"https:\/\/janecosmetique.fr\/index.php?rest_route=%2Fwp%2Fv2%2Fmedia&parent=965"}],"curies":[{"name":"wp","href":"https:\/\/api.w.org\/{rel}","templated":true}]}}